2*t - 62. What is the remainder when 958 is divided by y(10)?
4
Let a be -2*(-287)/(-56) - (-1)/4. Let t be (-1 - a/(-2))/(-13 - -11). Let y(u) = 5*u**3 - 3*u**2 - 2*u - 6. Calculate the remainder when y(t) is divided by 14.
12
Let z(i) = -11*i**2 + 4. Let v be z(-3). Suppose 46*s - 45 + 12 = -355. Calculate the remainder when (-229)/s + (v/35 - -3) is divided by 18.
15
Suppose -v = 4*o - 6*v - 87, -5*v = -20 + 15. Suppose 3*c - 289 = -m, 3*m - 589 = 5*c + 208. What is the remainder when m is divided by o?
21
Suppose -13*n - 5*v = -10*n + 6, -5*v = -2*n + 21. Let m(s) = 2*s**2 + 5*s - 12. Suppose -o + 0*o + 56 = 0. Calculate the remainder when o is divided by m(n).
14
Let p(a) = -4*a**2 - 71*a - 11. Let v(r) = r**2 + 18*r + 3. Let c(z) = 2*p(z) + 9*v(z). What is the remainder when c(-22) is divided by 13?
10
Let x = 2485 - 1727. Suppose -2*s = -10, -5*y - 5*s + x = -302. Let f = 51 + -21. What is the remainder when y is divided by f?
27
Let x(p) = 5*p**2 - 5*p + 3. Let y be (0 + 4)*(-1022)/28. Let b = -135 - y. Calculate the remainder when x(4) is divided by b.
8
Let t(v) = v**3 - 47*v**2 - 624*v + 27. Calculate the remainder when t(58) is divided by 17.
6
Suppose -4*z + 25 = -5*x + 226, 3*z = -5*x + 208. Calculate the remainder when (-2 - -82)*3/2 is divided by x.
38
Let z = 1259 + -1066. Calculate the remainder when 591 is divided by z.
12
Suppose -223*m + 206988 = -129*m. Calculate the remainder when m is divided by 63.
60
Suppose -69*p + 51 = -4*z - 72*p, -64 = 5*z + 4*p. Calculate the remainder when (-14)/161 + z*1842/(-276) is divided by 44.
36
Let j(c) = 2*c - 22. Let p be j(14). Let r(v) = -v**2 + 4*v + 10. Let o be r(p). What is the remainder when 136 is divided by 0 + 27 + (o - -3)?
24
Suppose 2*x = 5*x + 159. Let g = x + 64. Suppose 3*q = 2*d - 37, d = 3*q - g + 28. Calculate the remainder when d is divided by 6.
2
Let f = 5403 + -5374. Calculate the remainder when 1531 is divided by f.
23
Suppose -6*p - 80 = -356. Suppose 3*x + 10*x = -26. Let t(h) = -84*h + 12. Calculate the remainder when t(x) is divided by p.
42
Let v = -4451 - -15006. Calculate the remainder when v is divided by 69.
67
Let j = 14266 - 14248. Calculate the remainder when 283 is divided by j.
13
What is the remainder when 2285 is divided by (14 + 130/(-20))*2?
5
Let t(q) = -2*q**2 - 51*q - 67. Suppose 0 = 7*u - 27 + 181. What is the remainder when t(u) is divided by 8?
7
Let f = -18 + 23. Suppose -a = -0*a - f. Suppose -a*d + 148 = 33. What is the remainder when d is divided by 6?
5
Suppose 5*h + 339 = -221. Let m = h + 258. What is the remainder when m is divided by 15?
11
Let y(w) = w**3 + 71*w**2 + 388*w + 89. Calculate the remainder when y(-65) is divided by 117.
102
Let u = 23 + -10. Let h be (-72)/(-12) + (2 - 5) + 1. Suppose -3*n = h*f - 92 - 30, -5*n = 5*f - 195. Calculate the remainder when n is divided by u.
8
Suppose 36*u + 8*u = 1080 + 3100. What is the remainder when 949 is divided by u?
94
What is the remainder when 17381/(-2)*40/140*-2 is divided by 35?
31
Let p(o) = -o**2 - 8*o + 35. Let k be p(-7). Suppose 2*u - 94 = -0*u. Suppose k*f = u*f - 310. Calculate the remainder when f is divided by 22.
18
What is the remainder when 512 is divided by 162/(14 - (9 - -4))?
26
Let z be 5*6*9/54. Suppose -3*a = 12, -z*b + 94 = -2*b - a. What is the remainder when 687 is divided by b?
27
Let t(f) = -7*f - 27. Suppose 4*r - 88 = -0*r. Let g = r + -10. Calculate the remainder when t(-7) is divided by g.
10
Suppose -s + 251 = -912. Calculate the remainder when s is divided by 192.
11
Let b(z) = z**3 - 26*z**2 + z - 13. Suppose -5*q + 31 = v - 101, 136 = 5*q + 3*v. What is the remainder when b(q) is divided by (-4 + 2)*11/(-2)?
2
Let a(c) = 8*c - 33. Let z be a(12). Suppose -5*x + 70 = 3*y, 12*y = 4*x + 13*y - z. What is the remainder when 150 is divided by x?
14
Let l be (-5 - -1) + 37 + -33. Calculate the remainder when 44 is divided by l - -20 - 0*3/24.
4
Let l be (-4)/3*(-63)/84. Let g be -2*141/6*l. Let b = -16 - g. What is the remainder when 122 is divided by b?
29
Suppose -3*f = 4*u - 4591, 2377 = 3*u + 5*f - 1058. What is the remainder when u is divided by 29?
19
Let d(r) = 6*r**3 + 3*r**2 - 6*r + 1. What is the remainder when 396 is divided by d(2)?
4
Suppose -15*u + 3*t = -3*u - 4263, 703 = 2*u + t. Calculate the remainder when u is divided by 93.
75
Let k be 6/2*-1*(-6 - -1). Let q = k + -15. Suppose 7*b - 10*b + 225 = q. Calculate the remainder when b is divided by 13.
10
Suppose 172*f = -37*f - 21*f + 20700. What is the remainder when 19619 is divided by f?
89
Let j(u) = 4*u - 45. Let z(k) = k**3 + 7*k**2 - 8. Let w be z(-5). Let g = w - 22. Calculate the remainder when j(g) is divided by 19.
16
Let y = 12 - 13. Let d be y/(((-5)/(-59))/(-5)). Let s = d - 52. What is the remainder when 27 is divided by s?
6
Let b(x) = 509*x + 577. What is the remainder when b(9) is divided by 60?
58
Let g = -185 + 302. Let y(k) = k**3 - 27*k**2 - 123*k + 50. Let m be y(31). Let f = g - m. What is the remainder when 105 is divided by f?
33
Suppose 0 = 5*v + 286 - 41. Let j = v + 60. Suppose 3*q = -2*h + 5 + j, -h + 9 = 2*q. Calculate the remainder when 19 is divided by h.
4
Let d = -2206 - -2226. What is the remainder when 78 is divided by d?
18
What is the remainder when 187 is divided by 215/2*(-6)/(-51)*(-1292)/(-380)?
15
Let x = 670 - 548. Calculate the remainder when x is divided by 27.
14
Let w be 50/12 + 8/(-48). Suppose -2*y + 3*y = w. Suppose -2*s = y*s - 36. What is the remainder when 32 is divided by s?
2
Let t(w) = 3*w - 27. Let z be t(11). Suppose 60 = -a - z. Calculate the remainder when 33 is divided by (-671)/a - 1/6.
3
Let h(o) be the second derivative of -o**3 - 49*o**2/2 + 8*o. Let g be h(-7). Calculate the remainder when 45 is divided by 680/28 + -1*(-2)/g.
21
Calculate the remainder when 2 + 21*(-3)/9 + (1484 - 1) is divided by 487.
17
Let k(z) = -44*z - 33. What is the remainder when 476 is divided by k(-3)?
80
Let f = -28 + 27. Let j be (-502)/(-6) - f/3. Suppose 2*l = 3*n - 84 - 38, 2*l = 2*n - j. Calculate the remainder when n is divided by 14.
10
Let k = 169 - 117. Suppose -43*v = -41*v - k. What is the remainder when 95 is divided by v?
17
Suppose 3*s + 4*z + 275 = 1161, 2*z = -4*s + 1198. What is the remainder when 922 is divided by s?
16
Let g = 91 - 34. Let n be (-3)/((-1 - 2)/g). Suppose -2*r + 48 = -0*r + 4*q, -4*r + 5*q + n = 0. Calculate the remainder when 141 is divided by r.
15
Suppose -3*s = -5*j - 29, 5 = -5*s + 2*j + 28. What is the remainder when (-33)/(-11)*229/s is divided by 21?
19
Suppose 0 = -n + 9 + 4. Let l = -593 - -595. Suppose 2*i - 38 = 5*s, -3*s + 95 = -l*i + 7*i. Calculate the remainder when i is divided by n.
6
Let b be (-2 + 1131/(-9))*(-2 + -1). Suppose -2*l = -5*o - b, 1010 = 5*l - 0*l - 2*o. Calculate the remainder when l is divided by 23.
20
Let o = -17 + 253. Let n = o + -223. What is the remainder when 42 is divided by n?
3
Let n be (1545/(-10))/((-66)/(-12) + -5). Let b = -245 - n. What is the remainder when b is divided by 22?
20
Let z(y) = y**3 + 3*y**2 - 8*y - 10. Let n be z(-4). Let r be (-2)/(-6) + 1222/n. Suppose 20*v - 8*v - r = 0. What is the remainder when v is divided by 9?
8
Let g(f) = -f**3 - 11*f**2 + 10*f - 22. Let a be g(-12). Let i(h) = -h - 4 + h**a - h**2 + 10*h**2. What is the remainder when i(-3) is divided by 10?
9
Let p(x) = 6*x**2 - 8*x - 13. Let t be p(-4). Let j = t - 55. Let h = j - 32. What is the remainder when h is divided by 15?
13
Let b be (5/1 + -1)*31. Suppose b = 3*d - 2*v + 19, d = -2*v + 35. Let c(i) = i**2 + 9*i + 1. What is the remainder when c(8) is divided by d?
32
Let j(c) = 2*c + 179. What is the remainder when j(109) is divided by 215?
182
Let o be -2*9*4*(-13)/(-26). What is the remainder when 39 is divided by ((-2)/4)/((14/o)/7)?
3
Calculate the remainder when ((-1077)/(-9) - (2 + -7))*6/2 is divided by 29.
26
Let x be ((-4 - 3) + 10)*15. Suppose 0*l = -4*l + 5*n + 81, -5*l + 60 = 2*n. What is the remainder when ((-20)/x)/((-4)/738) is divided by l?
12
Suppose 0 = -2*f, 4 = 4*d + 4*f - f. Suppose 0 = z - d + 4, -3*k = -4*z - 120. What is the remainder when k is divided by (-22 + 55)*(-266)/(-418)?
15
Suppose -2*o = -f - 4*o + 1, 3*f + 3*o - 9 = 0. Let w be -